.
-23223533
What is 2201101133 (base 4) in base 2?
10100001010001011111
What is -2433042 (base 6) in base 12?
-62782
Convert 13031413 (base 7) to base 9.
2204424
566364 (base 10) to base 16
8a45c
Convert -3217622 (base 9) to base 15.
-240ecb
Convert 20022112230 (base 4) to base 5.
1021431224
Convert -20222012101 (base 3) to base 11.
-94095
3071586 (base 9) to base 13
4561a4
-7334b (base 12) to base 7
-1165505
11011010110100001001111 (base 2) to base 12
2499467
-1849d4 (base 14) to base 12
-3546a6
2001312103 (base 4) to base 14
dbb7d
Convert 304626 (base 10) to base 4.
1022113302
34b7e (base 16) to base 9
358176
Convert -10c8c (base 16) to base 2.
-10000110010001100
Convert 223300113 (base 4) to base 6.
3501423
194d46 (base 15) to base 8
4545203
100110110100101001 (base 2) to base 3
22002010112
Convert -62642224 (base 7) to base 11.
-2a91895
Convert -304010442 (base 6) to base 7.
-62266613
3010331404 (base 5) to base 2
10110101100011000110011
1a981c (base 13) to base 6
22311045
220002201222 (base 3) to base 5
110140024
What is -6c13a (base 16) in base 4?
-1230010322
101001000110000000010 (base 2) to base 12
54b316
8564d (base 15) to base 2
1100111010110000010
52221116 (base 7) to base 9
8233415
What is -1734363 (base 8) in base 6?
-14503015
What is -4250341 (base 6) in base 13?
-74059
What is 10000100010110111000 (base 2) in base 9?
1015603
Convert 430433 (base 7) to base 10.
74651
Convert -1000111010010110 (base 2) to base 12.
-1915a
544711 (base 9) to base 14
86610
Convert 831a4c (base 14) to base 8.
20675724
What is -225518 (base 11) in base 2?
-1010111100100000111
18035 (base 16) to base 15
1e222
Convert 5610d (base 15) to base 11.
17762a
What is -121350033 (base 6) in base 14?
-444029
What is 320356 (base 7) in base 8?
154163
-6122164 (base 8) to base 13
-447100
What is -16576 (base 11) in base 4?
-11230103
What is 6a45c (base 15) in base 2?
1010010101000110111
What is 438150 (base 11) in base 8?
2525107
-252a3 (base 12) to base 15
-ee83
Convert 261275 (base 10) to base 8.
776233
654777 (base 13) to base 10
2380632
What is -20301200001 (base 4) in base 7?
-25356156
Convert -1212604 (base 9) to base 13.
-1a06a1
-a754 (base 14) to base 6
-341422
Convert 759348 (base 10) to base 12.
307530
Convert -2313042442 (base 5) to base 3.
-100210111021201
What is 1321001 (base 5) in base 10?
26376
What is -10125663 (base 7) in base 6?
-30054130
Convert 211120023 (base 4) to base 11.
a5031
What is 11210505 (base 6) in base 15?
6bc35
Convert 1001010100110000010000 (base 2) to base 8.
11246020
Convert -1030230221 (base 4) to base 6.
-10422225
Convert -a8a39c (base 14) to base 4.
-111302331012
Convert -266163 (base 9) to base 12.
-798a0
Convert 204946 (base 10) to base 15.
40ad1
What is -20120012112211 (base 3) in base 10?
-3487936
What is -211784 (base 9) in base 10?
-126031
21060246 (base 7) to base 8
6623111
Convert -162652 (base 9) to base 15.
-1eb3b
-21122001 (base 5) to base 16
-2b175
-22012211221122 (base 3) to base 6
-233332025
What is 549a (base 14) in base 5?
432030
71032a (base 12) to base 4
12232123102
-405300 (base 7) to base 3
-10111202220
-8bbcb (base 13) to base 12
-103475
-40531512 (base 7) to base 3
-20101000201200
What is -bb011 (base 12) in base 10?
-247117
2261656 (base 9) to base 8
4521754
What is 10020102110 (base 3) in base 5?
4014412
What is 3341442 (base 5) in base 11?
40364
-13012332223 (base 4) to base 14
-36721d
What is 726674 (base 8) in base 2?
111010110110111100
What is 9b4c3 (base 13) in base 6?
10013443
Convert -173f6a (base 16) to base 8.
-5637552
316688 (base 9) to base 13
67b35
11154552 (base 6) to base 4
1103132210
1111100111 (base 3) to base 2
111001011101000
-4a509 (base 11) to base 8
-215450
1001001101010111010011 (base 2) to base 13
666a30
What is -46042 (base 7) in base 3?
-121001001
Convert ae1d1 (base 15) to base 11.
349195
-3fe5eb (base 16) to base 11
-2400254
Convert 2510247 (base 8) to base 15.
da246
-1654501 (base 7) to base 11
-149433
481887 (base 9) to base 14
77a44
What is 88841 (base 16) in base 12?
22b715
110111101101011101 (base 2) to base 8
675535
30203114 (base 5) to base 13
85931
-14122014 (base 10) to base 2
-110101110111110000011110
Convert 102012022 (base 5) to base 3.
210110220212
Convert 1416207 (base 9) to base 12.
3167b1
Convert 718451 (base 9) to base 13.
11bc45
-b15e (base 16) to base 14
-12794
Convert -21002202100111 (base 3) to base 2.
-1110011001011101010001
648a (base 12) to base 15
341a
What is 3b4720 (base 14) in base 6?
111523240
What is 128229 (base 10) in base 4?
133103211
-348b (base 15) to base 13
-5102
What is c09bd (base 15) in base 6?
21022411
What is -ca9d55 (base 14) in base 10?
-6865367
Convert -3941 (base 12) to base 7.
-25015
136123 (base 7) to base 8
63026
-2331526 (base 12) to base 5
-3214030100
13aa57 (base 15) to base 10
947332
What is 140624 (base 8) in base 9?
74872
Convert 10135221 (base 6) to base 8.
1073635
1011010110110001001 (base 2) to base 6
11550413
Convert 12baa (base 12) to base 5.
1312111
Convert 72ab4 (base 16) to base 7.
3664225
5a2 (base 13) to base 15
452
Convert 943292 (base 10) to base 15.
139762
What is 2630010 (base 7) in base 16?
53d36
-27741d (base 14) to base 13
-38a158
What is 343500 (base 6) in base 12?
14b90
74215 (base 9) to base 7
262625
Convert -1c5680 (base 14) to base 11.
-632779
Convert 1000120100012 (base 3) to base 2.
10000100011110100000
What is 21014350 (base 8) in base 16?
4418e8
Convert -638296 (base 10) to base 8.
-2336530
133370 (base 10) to base 16
208fa
Convert -2343602 (base 9) to base 11.
-79741a
-1651237 (base 8) to base 3
-220101022012
What is -10150067 (base 8) in base 9?
-4036774
Convert -100111001100011011111 (base 2) to base 5.
-312044234
What is 11330043 (base 6) in base 3?
122222101000
What is -77273 (base 12) in base 10?
-157623
301134 (base 8) to base 2
11000001001011100
-120689 (base 10) to base 6
-2330425
Convert -345510 (base 6) to base 12.
-15296
Convert 44500444 (base 6) to base 2.
101001000011110001100
What is -944b73 (base 14) in base 4?
-103012133101
What is 3247750 (base 8) in base 2?
11010100111111101000
2643655 (base 7) to base 2
1010100101111100011
58430 (base 12) to base 8
346544
What is -137246 (base 10) in base 11?
-9412a
e6916 (base 16) to base 6
32124130
12214112 (base 5) to base 7
664321
-7736 (base 11) to base 10
-10203
-3049a9 (base 11) to base 10
-489685
Convert -450a24 (base 15) to base 4.
-30203323231
a97988 (base 12) to base 11
1576957
Convert 112222200000212 (base 3) to base 2.
11110011000100110010101
Convert -564032 (base 8) to base 5.
-22043430
-242033 (base 5) to base 4
-2030322
Convert -602536 (base 8) to base 5.
-22313412
Convert -131603 (base 8) to base 15.
-d93a
Convert 7330637 (base 9) to base 11.
2236257
130300140 (base 5) to base 3
1012020021001
Convert -5225651 (base 7) to base 8.
-2313742
Convert 4223433002 (base 5) to base 8.
41472153
Convert -1727152 (base 10) to base 4.
-12211222300
1a839 (base 15) to base 8
250325
Convert -45742727 (base 8) to base 2.
-100101111100010111010111
What is -302332222 (base 4) in base 14?
-56150
2011012000101 (base 3) to base 12
472931
96582 (base 10) to base 5
11042312
Convert -23023234 (base 5) to base 11.
-12a97a
Convert -122012011000212 (base 3) to base 12.
-3086b4b
Convert 1622322 (base 7) to base 3.
102101110120
Convert -32521105 (base 6) to base 5.
-222143344
40237 (base 8) to base 5
1012133
What is 16060534 (base 7) in base 15?
2077ad
What is 422554 (base 8) in base 5?
14000102
What is 3165305 (base 7) in base 9?
647468
-2bd656 (base 14) to base 2
-101110110110010101100
What is -491354 (base 11) in base 13?
-212cc1
-ae737 (base 15) to base 7
-4501306
-123012331 (base 4) to base 15
-22d77
Convert -28124380 (base 9) to base 2.
-110100111111110100000100
4b932a6 (base 12) to base 4
320233023132
Convert 132454430 (base 7) to base 15.
b3dbd5
Convert -2014778 (base 9) to base 13.
-2b7513
Convert -38034 (base 13) to base 4.
-121032012
What is -122030 (base 9) in base 3?
-10202001000
14151255 (base 6) to base 13
13acc9
What is b507 (base 12) in base 10?
19735
What is 421108 (base 9) in base 13?
89b13
Convert 1111101100110110 (base 2) to base 4.
33230312
What is 65174055 (base 8) in base 6?
1215052301
Convert -5a229 (base 11) to base 15.
-1aaa